 and 2888.
19
What is the greatest common divisor of 570 and 24644235?
285
What is the highest common divisor of 50416 and 364009?
137
What is the greatest common divisor of 7796 and 44277382?
3898
Calculate the highest common factor of 1397 and 450285.
11
Calculate the highest common divisor of 191150676 and 1182.
1182
What is the greatest common divisor of 2968 and 1038086?
14
Calculate the highest common divisor of 3514 and 2213318.
502
What is the highest common factor of 37249400 and 256?
8
What is the greatest common divisor of 10032031 and 1649?
97
What is the highest common divisor of 9503 and 1404982?
731
What is the greatest common divisor of 108 and 113586354?
54
What is the greatest common factor of 94457 and 13299?
341
What is the highest common factor of 52 and 935238174?
26
What is the greatest common factor of 933208 and 6189568?
1256
What is the highest common factor of 1309159556 and 2872?
1436
Calculate the highest common divisor of 17220 and 918960.
420
What is the highest common divisor of 760221 and 5214?
33
Calculate the greatest common divisor of 10591 and 12985.
7
What is the greatest common factor of 88028000 and 11190?
3730
What is the greatest common factor of 1692 and 632372?
4
What is the greatest common factor of 374 and 1517896?
34
Calculate the greatest common factor of 429862 and 187.
17
Calculate the greatest common divisor of 418996336 and 12727.
979
What is the highest common divisor of 36 and 6329292?
12
What is the highest common divisor of 38775 and 14700?
75
Calculate the greatest common divisor of 80 and 122204912.
16
What is the highest common divisor of 328396880 and 3280?
3280
What is the greatest common factor of 18340 and 33390?
70
Calculate the highest common divisor of 5501803 and 3113.
283
Calculate the highest common divisor of 252 and 3546482688.
252
Calculate the greatest common factor of 7888 and 713626.
34
Calculate the greatest common factor of 274 and 209636989.
137
What is the highest common divisor of 28 and 2000736668?
28
What is the highest common factor of 480 and 1407948?
12
What is the greatest common factor of 226088 and 20597?
479
What is the greatest common divisor of 15030 and 45720?
90
What is the greatest common factor of 10521 and 125937?
63
Calculate the greatest common divisor of 1681001 and 22862.
161
What is the highest common divisor of 1627163 and 1501?
79
What is the greatest common factor of 1513 and 28719766?
1513
What is the greatest common factor of 38946708 and 720?
36
What is the greatest common factor of 893 and 23818989?
893
What is the greatest common factor of 266347 and 3237?
83
Calculate the greatest common divisor of 158544908 and 4.
4
What is the greatest common factor of 236670651 and 357?
357
Calculate the highest common divisor of 78467361 and 147.
21
Calculate the highest common divisor of 47908 and 125860.
812
What is the highest common factor of 306 and 107557623?
153
What is the highest common factor of 3204 and 31538574?
1602
Calculate the highest common factor of 8555889 and 415.
83
What is the greatest common factor of 8694 and 13057254?
378
What is the highest common divisor of 81305 and 134205?
115
What is the highest common factor of 110874 and 10914?
102
What is the greatest common divisor of 14 and 41315904?
14
Calculate the highest common divisor of 382049 and 3484471.
4603
Calculate the greatest common factor of 36194261 and 215.
43
What is the highest common divisor of 71820 and 271?
1
What is the highest common factor of 7379571 and 39?
3
What is the highest common divisor of 35002293 and 9954?
237
Calculate the greatest common divisor of 380 and 3259279.
19
What is the greatest common divisor of 84966017 and 17?
17
Calculate the greatest common factor of 342537652 and 3951.
439
What is the greatest common divisor of 1938 and 8094516?
102
Calculate the highest common factor of 78528 and 1383840.
96
Calculate the greatest common divisor of 2456 and 44746171.
307
Calculate the highest common factor of 4713313 and 11858.
121
What is the greatest common factor of 1278 and 20190838?
142
Calculate the greatest common divisor of 6169 and 279.
31
Calculate the greatest common divisor of 752 and 29396.
4
Calculate the greatest common factor of 1136 and 564734.
142
What is the highest common factor of 11531 and 3447379?
13
Calculate the highest common factor of 1241 and 287036.
73
What is the highest common factor of 110 and 754699?
11
Calculate the greatest common factor of 61065064 and 12694.
1154
What is the greatest common factor of 26 and 667410?
2
What is the greatest common divisor of 54396 and 568116?
36
Calculate the highest common factor of 79059 and 26499.
219
Calculate the greatest common factor of 2252 and 16307858.
1126
What is the greatest common factor of 61777 and 355123?
379
Calculate the highest common divisor of 12984 and 63157422.
3246
Calculate the greatest common factor of 66 and 3542132.
22
What is the highest common divisor of 87133227 and 2658?
1329
What is the greatest common factor of 1404 and 3279354?
78
Calculate the greatest common divisor of 9442728 and 288.
72
What is the highest common divisor of 4675 and 112475?
275
Calculate the greatest common factor of 154 and 2378621.
7
Calculate the greatest common factor of 98753940 and 60.
60
Calculate the greatest common factor of 882269574 and 6.
6
What is the greatest common divisor of 612 and 65646520?
68
What is the highest common factor of 81588008 and 57412?
1852
Calculate the greatest common divisor of 3919264 and 4384.
32
What is the greatest common divisor of 4134546 and 858?
78
Calculate the highest common divisor of 894 and 183559209.
447
Calculate the highest common factor of 64336034 and 13730.
2746
What is the greatest common factor of 1377 and 605286054?
459
Calculate the greatest common factor of 3419074 and 4337516.
7718
Calculate the highest common divisor of 20426 and 406126.
14
Calculate the greatest common divisor of 17708 and 24368305.
233
What is the highest common divisor of 95844 and 789243?
147
Calculate the highest common factor of 36296 and 1516.
4
Calculate the highest common factor of 23795529 and 102.
51
Calculate the highest common factor of 576 and 223738272.
288
What is the greatest common divisor of 2087738955 and 810?
405
What is the highest common factor of 4271061988 and 7796?
7796
What is the highest common factor of 24 and 21789984?
24
Calculate the greatest common factor of 487871 and 230513.
59
What is the greatest common factor of 15371799 and 3?
3
What is the greatest common factor of 43886731 and 868?
217
What is the greatest common factor of 10262 and 431760?
14
Calculate the highest common divisor of 792 and 19255203.
99
What is the greatest common factor of 186361764 and 5072?
1268
Calculate the greatest common factor of 1752230 and 26030.
1370
Calculate the highest common factor of 1625625 and 2010573.
2601
Calculate the greatest common divisor of 108486 and 38499.
123
What is the greatest common factor of 1683091 and 451?
41
What is the greatest common factor of 2172775 and 12705?
55
Calculate the greatest common divisor of 148349 and 14061.
109
What is the greatest common divisor of 214 and 27551644?
214
Calculate the highest common divisor of 3293478 and 19890.
306
Calculate the greatest common factor of 1141608 and 1014.
78
What is the highest common divisor of 20138706 and 774?
774
Calculate the greatest common divisor of 233 and 851188843.
233
What is the highest common divisor of 118981 and 221360?
2767
Calculate the greatest common factor of 36176 and 13804000.
1904
Calculate the highest common factor of 1242997 and 46177.
61
What is the greatest common factor of 404 and 19307362?
202
What is the highest common factor of 851 and 195933389?
851
What is the highest common divisor of 160030 and 429975990?
12310
Calculate the greatest common factor of 566 and 109150270.
566
What is the greatest common factor of 195243658 and 29020?
2902
Calculate the greatest common divisor of 4601697 and 3.
3
Calculate the greatest common factor of 42 and 360939866.
14
What is the highest common divisor of 4817755 and 26555?
565
Calculate the highest common factor of 338271 and 303.
3
Calculate the greatest common divisor of 23